en 190 is divided by 15.
10
What is the remainder when 727 is divided by 343?
41
What is the remainder when 78 is divided by 25?
3
What is the remainder when 344 is divided by 321?
23
Calculate the remainder when 143 is divided by 43.
14
Calculate the remainder when 2151 is divided by 180.
171
What is the remainder when 3301 is divided by 14?
11
What is the remainder when 3274 is divided by 78?
76
Calculate the remainder when 247 is divided by 18.
13
What is the remainder when 133 is divided by 73?
60
What is the remainder when 114 is divided by 83?
31
What is the remainder when 129 is divided by 22?
19
What is the remainder when 1574 is divided by 65?
14
What is the remainder when 159 is divided by 44?
27
What is the remainder when 414 is divided by 60?
54
What is the remainder when 6077 is divided by 40?
37
What is the remainder when 536 is divided by 70?
46
Calculate the remainder when 187 is divided by 5.
2
What is the remainder when 39 is divided by 27?
12
Calculate the remainder when 172 is divided by 6.
4
What is the remainder when 342 is divided by 15?
12
Calculate the remainder when 272 is divided by 122.
28
Calculate the remainder when 490 is divided by 58.
26
What is the remainder when 281 is divided by 270?
11
Calculate the remainder when 1161 is divided by 23.
11
What is the remainder when 42 is divided by 10?
2
Calculate the remainder when 16166 is divided by 26.
20
What is the remainder when 1686 is divided by 169?
165
Calculate the remainder when 6631 is divided by 14.
9
Calculate the remainder when 468 is divided by 374.
94
Calculate the remainder when 1793 is divided by 568.
89
What is the remainder when 145 is divided by 17?
9
Calculate the remainder when 39712 is divided by 263.
262
Calculate the remainder when 192 is divided by 101.
91
What is the remainder when 444 is divided by 15?
9
Calculate the remainder when 124 is divided by 63.
61
What is the remainder when 350 is divided by 176?
174
What is the remainder when 14 is divided by 9?
5
Calculate the remainder when 70 is divided by 3.
1
Calculate the remainder when 896 is divided by 75.
71
What is the remainder when 287 is divided by 79?
50
What is the remainder when 3000 is divided by 176?
8
Calculate the remainder when 8814 is divided by 58.
56
Calculate the remainder when 66 is divided by 4.
2
Calculate the remainder when 167 is divided by 90.
77
Calculate the remainder when 220 is divided by 10.
0
Calculate the remainder when 73 is divided by 30.
13
What is the remainder when 4468 is divided by 10?
8
What is the remainder when 16 is divided by 11?
5
Calculate the remainder when 472 is divided by 11.
10
Calculate the remainder when 161 is divided by 61.
39
Calculate the remainder when 12 is divided by 2.
0
Calculate the remainder when 2961 is divided by 52.
49
What is the remainder when 87 is divided by 12?
3
Calculate the remainder when 127 is divided by 61.
5
Calculate the remainder when 388 is divided by 77.
3
What is the remainder when 19922 is divided by 94?
88
Calculate the remainder when 400 is divided by 341.
59
Calculate the remainder when 275 is divided by 23.
22
Calculate the remainder when 9124 is divided by 78.
76
What is the remainder when 236 is divided by 66?
38
Calculate the remainder when 6655 is divided by 41.
13
Calculate the remainder when 2993 is divided by 249.
5
What is the remainder when 1324 is divided by 34?
32
What is the remainder when 6604 is divided by 1651?
0
Calculate the remainder when 4072 is divided by 21.
19
Calculate the remainder when 863 is divided by 72.
71
Calculate the remainder when 139 is divided by 40.
19
What is the remainder when 1778 is divided by 34?
10
Calculate the remainder when 298 is divided by 31.
19
What is the remainder when 1868 is divided by 110?
108
What is the remainder when 349 is divided by 25?
24
What is the remainder when 113 is divided by 32?
17
Calculate the remainder when 16 is divided by 5.
1
What is the remainder when 471 is divided by 30?
21
What is the remainder when 88 is divided by 19?
12
Calculate the remainder when 1370 is divided by 194.
12
Calculate the remainder when 3079 is divided by 40.
39
What is the remainder when 676 is divided by 138?
124
What is the remainder when 217 is divided by 70?
7
Calculate the remainder when 20372 is divided by 8.
4
What is the remainder when 2274 is divided by 454?
4
Calculate the remainder when 405 is divided by 136.
133
Calculate the remainder when 1439 is divided by 80.
79
What is the remainder when 106 is divided by 53?
0
Calculate the remainder when 224 is divided by 7.
0
Calculate the remainder when 1319 is divided by 40.
39
Calculate the remainder when 10694 is divided by 155.
154
Calculate the remainder when 2252 is divided by 24.
20
What is the remainder when 388 is divided by 10?
8
Calculate the remainder when 15 is divided by 11.
4
What is the remainder when 64 is divided by 35?
29
What is the remainder when 601 is divided by 4?
1
What is the remainder when 4632 is divided by 14?
12
What is the remainder when 111 is divided by 38?
35
What is the remainder when 7 is divided by 7?
0
What is the remainder when 10826 is divided by 84?
74
What is the remainder when 8517 is divided by 167?
0
Calculate the remainder when 268 is divided by 139.
129
Calculate the remainder when 3197 is divided by 200.
197
Calculate the remainder when 355 is divided by 21.
19
What is the remainder when 672 is divided by 196?
84
Calculate the remainder when 269 is divided by 54.
53
What is the remainder when 141 is divided by 24?
21
What is the remainder when 444 is divided by 61?
17
What is the remainder when 717 is divided by 6?
3
Calculate the remainder when 1885 is divided by 14.
9
What is the remainder when 74 is divided by 8?
2
Calculate the remainder when 11365 is divided by 196.
193
What is the remainder when 6548 is divided by 156?
152
What is the remainder when 12 is divided by 6?
0
What is the remainder when 1277 is divided by 64?
61
What is the remainder when 15804 is divided by 30?
24
What is the remainder when 7167 is divided by 112?
111
What is the remainder when 1499 is divided by 40?
19
Calculate the remainder when 406 is divided by 353.
53
What is the remainder when 562 is divided by 185?
7
What is the remainder when 65 is divided by 29?
7
What is the remainder when 464 is divided by 118?
110
Calculate the remainder when 455 is divided by 51.
47
What is the remainder when 310 is divided by 9?
4
What is the remainder when 1334 is divided by 79?
70
What is the remainder when 370 is divided by 90?
10
Calculate the remainder when 407 is divided by 108.
83
What is the remainder when 630 is divided by 184?
78
What is the remainder when 1782 is divided by 56?
46
What is the remainder when 669 is divided by 47?
11
What is the remainder when 1058 is divided by 102?
38
What is the remainder when 22 is divided by 4?
2
What is the remainder when 1956 is divided by 639?
39
Calculate the remainder when 1427 is divided by 22.
19
What is the remainder when 135 is divided by 41?
12
What is the remainder when 151 is divided by 31?
27
What is the remainder when 209 is divided by 34?
5
Calculate the remainder when 2104 is divided by 81.
79
Calculate the remainder when 1510 is divided by 8.
6
What is the remainder when 899 is divided by 27?
8
Calculate the remainder when 1164 is divided by 51.
42
Calculate the remainder when 1303 is divided by 18.
7
Calculate the remainder when 10639 is divided by 20.
19
Calculate the remainder when 1783 is divided by 1764.
19
What is the remainder when 426 is divided by 194?
38
What is the remainder when 1341 is divided by 14?
11
What is the remainder when 528 is divided by 13?
8
What is the remainder when 70 is divided by 15?
10
What is the remainder when 743 is divided by 83?
79
What is the remainder when 391 is divided by 60?
31
What is the remainder when 37 is divided by 7?
2
Calculate the remainder when 17669 is divided by 93.
92
Calculate the remainder when 275 is divided by 88.
11
Calculate the remainder when 402 is divided by 82.
74
Calculate the remainder when 571 is divided by 22.
21
Calculate the remainder when 1496 is divided by 188.
180
What is the remainder when 62 is divided by 17?
11
Calculate the remainder when 2517 is